t s(k) = 7*k - 3. Give s(1).
4
Let r(x) = 9*x - 48. Calculate r(6).
6
Let u(x) = x**2 + 4. What is u(2)?
8
Let o(i) = -i**2 + 5*i - 13. Determine o(7).
-27
Let n(r) = 2*r**3 - 4*r**2 - r. Determine n(3).
15
Let t(l) = 6*l + 44. What is t(-7)?
2
Let s(x) = -2*x + 18. Give s(-3).
24
Let i(x) = x - 16. Determine i(9).
-7
Let w(n) = -8*n + 25. What is w(8)?
-39
Let b(w) = -w**3 + 3*w**2 - 3*w - 2. Give b(2).
-4
Let v(p) = -p**2 - 3. What is v(-3)?
-12
Let w(f) = 2*f**2 - 12*f + 3. What is w(12)?
147
Let p(y) = -y**3 - 16*y**2 + 29*y + 194. Determine p(-17).
-10
Let r(o) = -12*o - 62. What is r(-8)?
34
Let s(o) = 20*o + 151. What is s(-8)?
-9
Let f(m) = 3*m + 20. Determine f(-14).
-22
Let z(y) = -y**2 + 7*y - 12. Determine z(6).
-6
Let k(f) = 2*f**2 + 6*f + 5. Determine k(-4).
13
Let q(x) = -8*x - 19. Determine q(-6).
29
Let i(f) = -f**3 - 9*f**2 - 10*f + 7. Give i(-8).
23
Let l(u) = -2*u**2 + 24*u - 20. What is l(12)?
-20
Let q(u) = u + 7. What is q(-5)?
2
Let l(j) = j**3 - 9*j**2 + j + 2. Give l(8).
-54
Let k(u) = -44*u**2 - u. Give k(-1).
-43
Let t(g) = -2*g + 74. Determine t(26).
22
Let v(n) = -4*n**2 - 4*n - 1. Give v(-2).
-9
Let t(c) = -3*c**2 + 5*c - 1. Give t(4).
-29
Let c(j) = -2*j**2 - j - 1. Calculate c(-1).
-2
Let n(q) = q + 10. Calculate n(-7).
3
Let w(s) = -2*s**2 - 90*s + 6. Calculate w(-45).
6
Let d(f) = -f**3 + 7*f**2 - 15*f + 6. Give d(4).
-6
Let a(g) = g**2 + 19*g + 76. Give a(-10).
-14
Let n(p) = 5*p + 1. What is n(1)?
6
Let u(p) = -15*p - 7. Calculate u(-6).
83
Let r(o) = 5*o + 58. Give r(-10).
8
Let z(p) = p**3 + 19*p**2 + 37*p + 48. Determine z(-17).
-3
Let p(w) = -w**3 - 15*w**2 - w - 17. Determine p(-15).
-2
Let c(u) = u**3 + 10*u**2 + 11*u - 4. Determine c(-9).
-22
Let d(n) = -n**2 - 8*n - 7. Determine d(-8).
-7
Let b(q) = -5*q - 11. Calculate b(-6).
19
Let n(m) = -m**2 - 6*m + 20. Determine n(-11).
-35
Let z(b) = b**2 - 5*b - 22. Calculate z(9).
14
Let u(l) = -l**2 + 13*l - 10. Calculate u(8).
30
Let g(u) = -u**2 + 16*u - 47. Determine g(4).
1
Let j(q) = 2*q**2 - 28*q + 29. What is j(13)?
3
Let a(n) = 2*n + 7. Determine a(-10).
-13
Let a(u) = -u - 63. Determine a(-21).
-42
Let o(l) = -2*l**3 - 2*l**2 + 1. Give o(-2).
9
Let u(i) = -i**3 + i + 3. What is u(0)?
3
Let r(t) = t - 3. What is r(5)?
2
Let q(o) = 2*o**3 - o**2 - 6*o - 3. Determine q(-4).
-123
Let u(l) = -l**2 + 8*l + 8. Calculate u(9).
-1
Let v(j) = 15*j**2 - 2*j - 1. Calculate v(-1).
16
Let n(y) = -y + 4. Determine n(12).
-8
Let n(h) = -2*h**2 + 5*h + 37. What is n(6)?
-5
Let u(i) = i**2 + 13*i + 29. Give u(-5).
-11
Let h(p) = p**3 + 8*p**2 + p - 3. Calculate h(-8).
-11
Let g(c) = -3*c**2 + 37*c + 15. Calculate g(13).
-11
Let j(r) = r**3 + 5*r**2 - 6*r. Calculate j(-6).
0
Let h(a) = 22*a**3 + 1. What is h(1)?
23
Let c(j) = 2*j - 1. What is c(12)?
23
Let l(o) = -o**2 + o. Give l(1).
0
Let d(y) = -y**3 + 14*y**2 - 33*y + 7. Give d(11).
7
Let w(l) = -l**3 + 19*l**2 + l - 19. Calculate w(19).
0
Let y(r) = -r**2 - 16*r - 23. Determine y(-15).
-8
Let r(n) = 7*n**2 + 16*n + 4. Calculate r(-3).
19
Let t(a) = -2*a**2 - 28*a + 40. Give t(-15).
10
Let n(y) = -y**2 - 13*y + 2. What is n(-4)?
38
Let i(p) = 2*p - 15. Calculate i(8).
1
Let w(x) = 4*x - 11. Give w(-15).
-71
Let n(d) = d**3 + 3*d**2 + 2*d - 2. What is n(-4)?
-26
Let t(g) = -16*g - 15. Determine t(3).
-63
Let v(k) = 14*k + 157. Calculate v(-12).
-11
Let i(s) = s**2 - 35*s - 193. Determine i(-5).
7
Let i(u) = -u**2 - 11*u - 2. Give i(-10).
8
Let m(s) = -63*s - 59. What is m(-1)?
4
Let q(r) = r**3 - 8*r**2 + r + 7. What is q(8)?
15
Let o(v) = 2*v**2 - 5*v + 3. What is o(3)?
6
Let u(z) = -2*z**2 - 11*z + 1. Give u(-6).
-5
Let g(b) = -16*b + 183. Give g(11).
7
Let u(r) = 6*r - 120. Give u(23).
18
Let z(l) = 3*l - 11. Calculate z(-8).
-35
Let b(s) = -10*s**2 - 70*s + 4. What is b(-7)?
4
Let a(b) = b**2 + 20*b + 19. Give a(-20).
19
Let t(v) = -v**3 + 7*v**2 - v + 2. Calculate t(7).
-5
Let y(w) = -3*w**2 - 2*w + 1. What is y(-3)?
-20
Let d(l) = 4*l + 144. Calculate d(-37).
-4
Let k(r) = -4*r**2 - 47*r - 72. Calculate k(-10).
-2
Let n(v) = -4*v - 6. Give n(-6).
18
Let d(c) = 2*c + 3. Give d(13).
29
Let x(n) = 4*n + 16. Calculate x(-5).
-4
Let b(r) = -r**3 - 3*r**2 + r + 3. Give b(-3).
0
Let d(b) = -10*b**2 + 290*b + 6. What is d(29)?
6
Let t(c) = c**3 - 3*c**2 + 5*c - 5. Determine t(2).
1
Let i(x) = -3*x + 61. Determine i(0).
61
Let v(p) = -4*p + 34. Give v(11).
-10
Let w(t) = -t**2 + t - 3. Give w(-2).
-9
Let n(l) = 110*l + 3. Calculate n(1).
113
Let y(u) = u**2 + 2*u - 12. Calculate y(-5).
3
Let u(t) = -12*t - 5. What is u(-5)?
55
Let j(o) = o - 12. Calculate j(5).
-7
Let g(m) = -31*m + 185. What is g(6)?
-1
Let z(l) = -l**2 - 6*l + 2. What is z(-6)?
2
Let l(f) = -7*f**2 - 2*f + 4. Give l(1).
-5
Let n(m) = -m**2 + 1. Give n(-2).
-3
Let t(p) = p**3 + 2*p**2 - 3*p + 4. Calculate t(2).
14
Let n(k) = k**2 - 2*k + 2. Determine n(9).
65
Let v(q) = 21*q**2 + q. What is v(-2)?
82
Let c(f) = f**3 + 16*f**2 - 18*f - 8. Calculate c(-17).
9
Let n(j) = -2*j**3 - 9*j**2 + 12. Give n(-4).
-4
Let z(d) = d + 26. Calculate z(-7).
19
Let k(a) = a + 18. Determine k(13).
31
Let a(i) = -14*i - 1. What is a(-2)?
27
Let o(w) = 17*w - 36. What is o(4)?
32
Let d(r) = 4*r - 19. Determine d(6).
5
Let c(w) = w**2 + 19*w + 42. Give c(-13).
-36
Let w(n) = 20*n - 2. Give w(-1).
-22
Let n(i) = 66*i + 5. Calculate n(-2).
-127
Let y(x) = -x**2 - 26*x + 21. What is y(-26)?
21
Let r(c) = -c**2 - 9*c + 5. Determine r(-11).
-17
Let d(w) = w**3 - 10*w**2 + 8*w + 15. Give d(9).
6
Let u(x) = x**3 + 7*x**2 + 8*x + 8. Calculate u(-6).
-4
Let f(d) = -d**3 - 7*d**2 + 11*d + 13. Determine f(-8).
-11
Let u(z) = -4*z**2 + z + 2. Calculate u(-2).
-16
Let h(y) = -10*y - 5. Determine h(-1).
5
Let k(p) = -p**2 + 4*p - 1. Determine k(5).
-6
Let y(b) = -3*b**2 + 22*b + 51. What is y(9)?
6
Let s(g) = -2*g**2 + 17*g - 7. Determine s(7).
14
Let d(k) = k**2 + 12*k. Give d(-10).
-20
Let q(x) = x + 31. Determine q(18).
49
Let j(f) = -f - 10. Calculate j(12).
-22
Let r(o) = -o**2 - o - 2. What is r(-4)?
-14
Let b(o) = -o**3 - 5*o**2 - 10*o - 29. Determine b(-5).
21
Let r(u) = 25*u - 211. Determine r(8).
-11
Let s(g) = -g**2 - 10*g - 14. Give s(-9).
-5
Let n(s) = -2*s**2 + 3*s + 93. What is n(9)?
-42
Let c(v) = -4*v**2. Determine c(-1).
-4
Let y(m) = -20*m + 206. Calculate y(10).
6
Let h(a) = -a**2 - 7*a + 27. Determine h(-9).
9
Let q(a) = -a**3 + 6*a**2 + 16*a + 5. Calculate q(8).
5
Let b(c) = -c**3 + 19*c**2 + c - 13. Give b(19).
6
Let n(a) = a**3 - 4*a**2 - 2*a + 2. What is n(3)?
-13
Let y(g) = g**3 + 5*g**2 + 2*g. Calculate y(-3).
12
Let r(v) = -v**2 - 10*v + 9. Determine r(-8).
25
Let m(d) = -2*d**2 - 46*d - 219. What is m(-7)?
5
Let f(g) = -g**2 + 3*g - 1. Determine f(2).
1
Let k(h) = -h**3 - 8*h**2 - 5*h + 13. What is k(-7)?
-1
Let o(k) = k**3 - 18*k**2 - 40*k - 6. Determine o(20).
-6
Let l(v) = -v**3 - v - 6. Determine l(0).
-6
Let m(t) = t**3 + 14*t**2 + 13*t + 8. What is m(-13)?
8
Let p(x) = x**3 + 14*x**2 - x - 49. Determine p(-14).
-35
Let f(l) = 8*l**3 + 2*l**2 - 3*l + 2. Give f(2).
68
Let w(h) = 14*h + 126. Determine w(-9).
0
Let o(p) = -4*p + 10. Calculate o(1).
6
Let z(n) = n**3 - n**2 + 10*n + 17. Give z(-2).
-15
Let p(y) = -y**2 + 10*y + 1. What is p(9)?
10
Let r(s) = s**2 + 5*s + 11. What is r(-4)?
7
Let g(b) = -b**3 - 35*b**2 + 2*b + 50. Determine g(-35).
-20
Let v(t) = -t**2 - 10*t - 3. Calculate v(-9).
6
Let z(w) = -29*w + 118. Calculate z(5).
-27
Let o(q) = 3*q - 20. What is o(5)?
-5
Let o(d) = d**3 + 13*d**2 - 3*d + 7. Determine o(-13).
46
Let o(z) = -2*z**3 + 42*z**2 + 2*z - 44. Calculate o(21).
-2
Let y(j) = -6*j + 18. Determine y(5).
-12
Let q(t) = -t**3 + t**2 + 2*t + 9. Determine q(-4).
81
Let k(u) = u**2 - 3*u - 5. Calculate k(-5).
35
Let z(s) = -s**3 - 11*s**2 - 10*s - 3. What is z(-10)?
-3
Let z(f) = 2*f**2 - 8*f - 9. Calculate z(7).
33
Let a(m) = -12*m**3 + 3*m + 2. Calculate a(-1).
11
Let c(g) = -2*g**3 + 11*g**2 - 4*g - 7. Determine c(5).
-2
Let p(r) = -r**2 + 3*r - 8. Calculate p(3).
-8
Let y(c) = c**3 - 6*c**2 - 6*c + 2. Calculate y(7).
9
Let m(f) = f**3 - 30*f**2 + 82*f - 56. Give m(27).
-29
Let c(t) = t**3 - 8*t**2 + 11*t + 14. What is c(6)?
8
Let r(w) = -w**2 + 5*w - 6. Determine r(6).
-12
Let s(u) = -u**3 + 27*u**2 + 27*u + 30. Calculat